 + 976. Let k be y(-82). What is the highest common divisor of k and 64?
8
Suppose -65 = -37*d + 24*d. Let q(w) = -29*w. Let j be q(-2). Suppose -d*f + 68 = 4*y, 4*y + 6 = -f + j. Calculate the highest common factor of 4 and y.
4
Let k be 18 + -11 + 24/(-4) - (-4 + 2). Calculate the highest common divisor of k and 21.
3
Suppose 3*r - 5*r + 304 = -5*n, 3*r + 3*n - 435 = 0. Let z be (-84)/(-34)*18989/2234. What is the greatest common factor of z and r?
21
Suppose 2*p = -0*p - 4*l + 654, 2*l - 985 = -3*p. Let d = -935 + 756. Let o = d + p. What is the highest common factor of o and 25?
25
Suppose 24 = 4*w + 4. Let p be 8*1 - (w - 9). Let v be 1780/30 - (21/9 + -3). What is the greatest common factor of p and v?
12
Let o(f) = 45*f**2 - 850*f - 52. Let z be o(19). Calculate the highest common divisor of z and 52675.
43
Suppose 4*c = -3*a + 7776, -4*c - 12923 = -8*a + 7857. Calculate the highest common divisor of a and 4.
4
Let p(q) = -3*q**3 - 46*q**2 - 87*q - 98. Let b be p(-14). Let u = 111 - 63. What is the highest common factor of u and b?
48
Let d(k) = 194*k + 692. Let m be d(16). Calculate the greatest common divisor of 312 and m.
52
Suppose -10*a + 39 = 3*a. Suppose 0*t + 3*t - 297 = 0. Suppose a*r = t + 45. Calculate the highest common factor of r and 24.
24
Suppose 5*m + k = 47, 5*k = 3*m + 2*k - 21. Suppose 0 = 5*v - m*v - 80. Let j be -36*8/v - 4/10. Calculate the highest common factor of j and 7.
7
Suppose -3*s = 6*s - 36. Suppose 68 = s*n - 8*n. Let f be (2/2 - 5)/(n/34). Calculate the highest common divisor of 20 and f.
4
Let x be 131/(-3) + 12/18. Let m = 50 + x. Suppose 16*p - 1188 = m*p. What is the greatest common divisor of 22 and p?
22
Suppose -480 = 18*h + 996. Let m = -60 - h. Calculate the highest common divisor of m and 3.
1
Suppose 3*m - 193 = 4*c, -18*c = -23*c - 5. Calculate the greatest common divisor of 441 and m.
63
Let d be (-28842)/92*64/(-6). What is the greatest common factor of 4 and d?
4
Let w be (20/5)/((-11)/(-176)). Let q = w + -54. Calculate the highest common divisor of q and 1280.
10
Let k = 21547 + -14635. What is the greatest common divisor of k and 192?
192
Let s be 8/3 - (3872/(-33))/88. Let p(f) = 2 - 5 - 3*f + 2*f. Let m be p(-4). Calculate the highest common divisor of s and m.
1
Suppose 5*h - j + 2851 = 7*h, 2*h + 5*j - 2855 = 0. Calculate the highest common divisor of 171 and h.
57
Let q be (3/3 - -44)/1. Suppose q*r - 5760 = 35*r. What is the greatest common divisor of r and 36?
36
Suppose -a + 2*s + 1 + 2 = 0, a - 13 = -3*s. Let o(j) = -j**2 + 9*j + 22. Let k be o(a). What is the highest common factor of k and 234?
18
Suppose 0 = -219*o + 215*o - 2*v + 2568, -5*o = -3*v - 3232. What is the greatest common factor of o and 742?
14
Let z = 8456 + -8431. What is the greatest common divisor of 26575 and z?
25
Suppose 0 = -3*k + k - 3*s - 21, k + 18 = s. Let n(a) = a. Let t be n(k). Let v be (18 + -16)*t/(-2). Calculate the highest common divisor of 3 and v.
3
Let m be ((-276)/(-6) + -3)/(4/12). What is the greatest common factor of 12 and m?
3
Let g(l) = -l - 18. Let b be g(-8). Let h = b - -10. Suppose -2*f = 5*q - 283, -f - 2*q + 7*q + 179 = h. Calculate the greatest common factor of f and 14.
14
Let k = 5776 + -5314. Calculate the greatest common factor of k and 294.
42
Suppose -4*f + i = -11, f + 7*i = 3*i + 7. Suppose f*o = 427 + 2024. Calculate the greatest common divisor of 19 and o.
19
Suppose -2265 = 12*c - 17*c. Let k = 462 - c. Calculate the greatest common divisor of k and 4.
1
Let f(h) = 2*h**2 + 8*h + 168. Let d be f(-7). Calculate the greatest common factor of 112 and d.
14
Let y(f) = 10*f**2 + 37*f - 172. Let m be y(-13). What is the greatest common divisor of m and 1525?
61
Suppose -4*y - 1480 = -2*l, 4*y = l + 36 - 780. What is the highest common factor of l and 828?
92
Suppose g = 3*g - 5032. Suppose 14*x = -23*x + g. Calculate the highest common factor of 51 and x.
17
Let p = 1664 - 1092. What is the highest common factor of p and 52?
52
Let g be (-1486308)/44*(-12)/18 + (-4)/(-22). Calculate the greatest common divisor of g and 80.
40
Suppose 54*s - 59*s + 270 = 0. Suppose s*t - 53*t = 72. What is the highest common divisor of t and 126?
18
Let n be ((1045/30)/(-11))/((-6 - -10)/(-24)). What is the highest common divisor of 12787 and n?
19
Let j be ((-8)/(-14))/((-6)/(-651)). Suppose 3*o - u = 106, 2*o = 4*u + u + j. Let m be (-8)/o + 1556/36 - 3. What is the greatest common factor of 40 and m?
40
Suppose 73 = 4*k + j - 4*j, k - 7 = -3*j. Suppose -7*g + k = -3*g. What is the greatest common factor of 18 and g?
2
Let m(x) = -2*x**3 + 14*x**2 + x - 75. Let q be m(6). Let n(f) = 32*f**2 + f. Let g be n(1). Calculate the greatest common factor of q and g.
3
Let i(v) = 9 + 4*v**2 + 7*v**2 + v - 9*v**2. Let u be i(0). Suppose 45 = 6*n - u. What is the highest common divisor of 72 and n?
9
Let s(a) = -446*a**3 + 2*a**2 - 147*a - 607. Let t be s(-4). What is the highest common factor of t and 57?
57
Let h(n) = -11*n + 6. Let m be h(0). Let u(p) = 0*p**2 + 66*p - 69*p + 2*p**2 - 17. Let q be u(m). Calculate the highest common divisor of q and 111.
37
Suppose 0 = -31*c + 9*c. Suppose 5*t - 189 + 9 = c. Calculate the highest common factor of t and 288.
36
Let i be (8/(128/168))/(7/210). Calculate the highest common factor of i and 35.
35
Suppose 0 = -32*a + 27*a - 3*s - 60, -5*a - 4*s = 60. Let r be (176/12)/2 - a/(-9). Calculate the highest common divisor of r and 318.
6
Let q = -2622 - -2674. What is the greatest common factor of 148 and q?
4
Let v be (-18725)/(-75) + (-2)/(-6). Let q = v - 106. Calculate the greatest common divisor of 27 and q.
9
Let j be (0 + 9/6)/(2/(-324)). Let q = j - -661. Let y = q - 262. What is the greatest common divisor of y and 39?
39
Suppose -4*s - 3*q = -36, 338 - 282 = 4*s - 2*q. What is the highest common factor of 1452 and s?
12
Suppose -3*a + 149 = 4*f, -5*a = -2*f + 4*f - 57. Suppose -42*c = -f*c + 6. Let p be 3/c*2 - 45/(-5). What is the highest common divisor of 4 and p?
4
Let m(t) = -t**3 - 7*t**2 - 9*t - 3. Let q be m(-6). Suppose -12*v = 4*b - 10*v - 112, 128 = 4*b - 2*v. Calculate the greatest common divisor of b and q.
15
Suppose 6*i + p = 11*i - 185, -185 = -5*i - 3*p. Suppose i = 7*m - 12. Suppose 2*c - 42 - 14 = 0. Calculate the greatest common factor of m and c.
7
Suppose -22173*d + 22169*d + 308 = 0. Calculate the greatest common divisor of 6083 and d.
77
Let r be (-4)/6*-6 - -819. Suppose -5*c + r = -2*i + 5*i, 3*i + 346 = 2*c. Let p = c + -107. Calculate the greatest common divisor of p and 36.
12
Let p be (852/8)/(6/(-27)*(-6)/40). Calculate the highest common divisor of 15 and p.
15
Let t be (220/50)/((-8)/(5 - 965)). What is the highest common factor of t and 6?
6
Let h(s) = -51*s + 3655. Let x be h(-43). What is the greatest common divisor of x and 51?
17
Let x(t) = -3*t - 30. Let v be x(-10). Let r be v/(-6) - 1*-114. Calculate the highest common divisor of r and 6.
6
Let p be (-2)/4*-2 + 209. Let t(r) = -r**3 + 17*r**2 + 257*r - 88. Let i be t(-10). What is the highest common divisor of p and i?
42
Let v = -30564 + 33561. Calculate the highest common factor of 296 and v.
37
Let x(p) = -7*p + 41. Let d be x(6). Let o be (40/(-100))/(d/(-5)). Let t be 4 - (-3 + -15 + o + 1). Calculate the highest common divisor of 161 and t.
23
Let w be ((-15)/1360*-17)/(9/144). Let y be -86*(10/(-4) + 1). Calculate the greatest common factor of w and y.
3
Let z be (-16)/(((-20)/(-12) + -1)*-3). Let l(a) = -2*a**3 - 108*a**2 - 108*a + 126. Let o be l(-53). Calculate the greatest common factor of o and z.
8
Let m = 1540 - 791. Let s = m + -301. Calculate the greatest common divisor of s and 28.
28
Let f be 1*353 - ((-984)/1353)/(4/(-11)). Let i be 12 + (-1 + 0 - -2). What is the highest common factor of f and i?
13
Let r(j) = 15*j**2 + 55*j + 824. Let u be r(-13). What is the greatest common factor of u and 12?
4
Suppose 4*h - 210 = 18*y - 24*y, 3*y + 123 = 2*h. What is the greatest common factor of 3 and h?
3
Suppose 4*b = -4*z - 196, -4*b - 187 = 5*z + 12. Let x = b - -85. Let s be (1 + -2)*-1*(81 - 3). What is the greatest common factor of x and s?
39
Suppose 0 = 32*j - 27*j + 10, 0 = -5*m - 3*j + 30099. Calculate the highest common factor of 111